. Suppose 3*u = 5*g + 5*u - 141, -5*u = g - r. Calculate the greatest common divisor of g and 3.
3
Let z be 1*4/4 + -41. Let f be (-862)/(-9) - z/180. What is the highest common divisor of f and 12?
12
Suppose 0 = -34*z + 88 + 184. What is the greatest common divisor of z and 184?
8
Let n be -2 + 0/(-1) + 310/62. What is the greatest common divisor of n and 141?
3
Let a = 733 - 662. What is the greatest common factor of 1633 and a?
71
Let m = -593 - -623. Let r = -8 + 6. Let q = r - -47. Calculate the highest common factor of q and m.
15
Let k be 5/(-2)*(-160)/50. Calculate the highest common factor of k and 18.
2
Suppose 4*f - 3*f - 52 = 0. Suppose w + 4*d = -0*d + 2, 0 = 5*w - d - f. Calculate the highest common factor of 70 and w.
10
Let f(u) = -197*u - 20. Let c be f(3). Let v be 1 + 2 + c/(-13). Calculate the highest common factor of v and 25.
25
Let h be 7*(-4)/8*-2. Calculate the highest common factor of h and 2.
1
Let c(o) = 71*o - 31. Let t be c(9). Calculate the highest common divisor of t and 76.
76
Let s be 2*(2 - 0/2). Let y be (1/(-3))/((-8)/72) - -54. Let m be (20/3)/(38/y). Calculate the highest common factor of s and m.
2
Let h(u) = u + 4. Let y be h(0). Suppose -5 = 5*g, 15*z + 5*g = 19*z - 21. Calculate the highest common factor of y and z.
4
Let w = -98 - -168. Let a be 6/(-10) + 1573/55. Calculate the highest common factor of w and a.
14
Suppose 15*s - 88 = 14*s. Let v = -44 + s. Let n be (66/9)/(1/3). What is the highest common factor of n and v?
22
Suppose 2*n + 1 = 3*q + 6*n, 4*q - 8 = -2*n. Let w be 7/3 + (-6)/(-9). What is the highest common factor of q and w?
3
Let x be (-3)/9*(-117)/13. Calculate the greatest common factor of x and 5.
1
Let d(l) = 2*l**2 + 6*l - 4. Let j be d(-6). Let y = 105 - 105. Suppose v - j = -y*v. Calculate the highest common factor of 4 and v.
4
Let j(d) = d**3 + 6*d**2 + 5*d + 6. Let s(r) = 3*r - 26. Let z be s(7). Let v be j(z). Calculate the highest common factor of v and 66.
6
Let m(s) = -32*s. Let z be m(-1). Let w = z + -30. Let d(p) = p + 5. Let h be d(-3). Calculate the greatest common divisor of h and w.
2
Suppose 68 = 252*i - 248*i. Calculate the highest common divisor of 459 and i.
17
Suppose -3*c - t = -6*t + 8, -5*c + t = -16. Let p be (c + (-12)/(-8))*4. Let j = -68 - -123. What is the greatest common factor of j and p?
11
Suppose -188*p + 61*p + 52197 = 0. What is the greatest common divisor of 1 and p?
1
Let f = -2066 + 2110. Suppose 0*p = p - 11. Calculate the highest common divisor of p and f.
11
Let u(r) = -303*r**3 + 2*r**2 + 5*r + 4. Let m be u(-1). Calculate the highest common factor of 32 and m.
16
Let y(x) = -x**2 + 4*x + 38. Let z be y(7). Suppose 3*n = 2*n - 68. Let b be (15/10)/((-2)/n). Calculate the highest common divisor of z and b.
17
Let n = -428 + 429. Let a = 24 - 14. Suppose -y + 2*g = y - a, y = 5*g - 3. Calculate the greatest common divisor of n and y.
1
Suppose f + 53 - 53 = 0. Let q(z) = 5*z**3 + 1. Let k be q(1). Let a = k + f. What is the highest common factor of a and 12?
6
Let q(d) = -10*d - 181. Let y be q(-24). Calculate the highest common factor of y and 1711.
59
Suppose 5*i + 38 = 148. Suppose 0 = f - i. Calculate the highest common factor of 22 and f.
22
Let f(h) = 596*h - 3. Let n be f(1). Suppose -b - n = -5*m - 4*b, -3*m + 371 = -2*b. What is the greatest common factor of 11 and m?
11
Let k = -395 - -549. Calculate the highest common divisor of k and 14.
14
Let i(c) = c**2 - 9*c - 230. Let f be i(23). Calculate the highest common factor of f and 69.
23
Let l = 61 - 34. What is the greatest common factor of l and 1?
1
Suppose 0 = -3*r - 37 - 2. Let w(m) = m**2 + 4*m + 26. Let j be w(r). Calculate the greatest common divisor of j and 13.
13
Let q(v) = 22*v - 205. Let f be q(40). Calculate the highest common factor of 30 and f.
15
Suppose 6*w = -11 + 443. Suppose -8*d = -0 - w. Suppose -4*u + 17 = -19. Calculate the highest common divisor of u and d.
9
Let i = 29 - -4. Let g = -18 + i. Calculate the highest common divisor of 3 and g.
3
Let z = -1643 - -1763. Calculate the highest common factor of 70 and z.
10
Let c = 5 + 193. What is the greatest common factor of 44 and c?
22
Let a(o) = 57*o**3 - 2*o**2 - 4*o + 4. Let q be a(1). What is the greatest common factor of 407 and q?
11
Let d = 21 + -8. Suppose 38*u = -122 + 616. Calculate the greatest common factor of u and d.
13
Let w be 1*(-20)/15*-39. What is the greatest common divisor of w and 156?
52
Let h(k) = k + 11. Let z be h(-6). Suppose -v + 5*v = 0. Suppose t + t - 4 = v. What is the highest common factor of t and z?
1
Suppose -4*v - 5*p = -896, -6*p + p + 224 = v. Let s = 46 + -18. What is the greatest common factor of s and v?
28
Suppose 4*d = -0*d + 2*u + 28, 4*d - 5*u - 40 = 0. Suppose -21 = -3*x - 3*t, -x + d = x + 5*t. Let k = 2 + x. What is the greatest common factor of 60 and k?
12
Let a(c) = c**2 - c - 32. Let y(f) = -f - 1. Let h(t) = -a(t) + 3*y(t). Let z be h(0). Let r = z + 34. What is the highest common divisor of 7 and r?
7
Suppose -19 - 13 = -8*k. Let a be k/(-6)*108/(-3). What is the greatest common divisor of a and 3?
3
Suppose 0 = 17*w - 24*w + 112. What is the greatest common divisor of 12 and w?
4
Suppose 0*z - 224 = -4*z. Let l = -653 - -661. What is the highest common factor of l and z?
8
Let y(n) = 5*n**2 + 2*n. Let d be y(3). Let g be (6/45)/(96/12240). What is the greatest common factor of d and g?
17
Let y = -10 - -15. Calculate the highest common divisor of 1 and y.
1
Let x be 16/3 - (-2)/3. Let q = 14 + x. Suppose 3*u = -2*u - 5, u + 151 = 5*y. Calculate the highest common factor of y and q.
10
Suppose 54*l - 1191 = -273. Calculate the greatest common divisor of l and 85.
17
Let f(o) = -7*o + 2. Let x be f(-1). Suppose x = l - 0*l. Suppose -l*u + 585 = -4*u. Calculate the greatest common divisor of 13 and u.
13
Let j = 1886 + -1107. What is the greatest common divisor of 41 and j?
41
Suppose -2*j + 3*u + 16 = 0, -3*j + u = -5*j. Suppose -5*i = j*p + 10, 4*i - 5*p + 31 = -2*p. Let v be -2*14/i*2. What is the highest common factor of v and 7?
7
Suppose 5*j = -20, -23 = -2*z - 4*j - 7. Let q = z + -15. Let m be 1 + q/((-3)/(-18)). What is the greatest common factor of m and 7?
7
Let x = -102 - -105. What is the highest common divisor of x and 33?
3
Suppose -2*h - 2*h + 16 = 2*c, 0 = -2*h + 2*c + 14. Suppose 0*a - a - 5 = 5*j, -a = -h*j - 25. Calculate the highest common factor of 80 and a.
10
Let d = 75 - 29. Let r = d - 40. What is the greatest common factor of 48 and r?
6
Let a be (9 - 5) + -3 - (-4)/(-1). Let o be 24 + (a - -10*(-2)/(-4)). Calculate the greatest common divisor of o and 39.
13
Let r(j) = j**2 - 12*j + 30. Let h be r(7). Let i be 264/60 - 3/h. Calculate the highest common divisor of i and 1.
1
Let u(t) = -29*t - 11. Let p be u(-1). What is the greatest common divisor of 10 and p?
2
Let s = 415 + -112. What is the greatest common divisor of s and 3?
3
Suppose -15*k + 2458 + 7142 = 0. What is the highest common divisor of k and 40?
40
Let a(y) = 7*y - 7. Let b be a(-8). Let o = b + 159. What is the greatest common factor of 32 and o?
32
Let m = 38 + -24. Suppose -8*f + 0*f + 112 = 0. What is the greatest common factor of m and f?
14
Let f(t) = t**3 - 2*t**2 - t. Let o be f(-1). Let j be (67 - o)*4/6. Calculate the greatest common divisor of j and 115.
23
Let v be (-1 - -287)*(-1)/(-2). Let h = -6720 + 6733. Calculate the greatest common factor of h and v.
13
Let u be 3 + -2 - -1*69. Suppose -2*o - 4*i + 70 = 0, -5*i = -6*o + 5*o + u. Let l be 305/10 - 2/4. Calculate the highest common divisor of o and l.
15
Let w be (9984/640)/(-6*1/(-260)). What is the highest common divisor of 52 and w?
52
Let x(g) = g**2 + 13*g - 38. Let c be x(-17). Suppose 0*y + 3*y = c. What is the highest common factor of y and 30?
10
Let a = 221 - 205. What is the highest common factor of 4 and a?
4
Suppose 5*n + 24 = 8*n. Suppose 0 = -2*a + 31 - 11. Let y be (18/15)/(3/a). What is the greatest common divisor of y and n?
4
Let x = 154 + -110. Let s = -138 - -142. Calculate the greatest common factor of s and x.
4
Let o(a) = a**2 + 9*a + 13. Let x be (7/((-35)/2))/(3/60). Let v be o(x). Let b(u) = 5*u. Let c be b(2). What is the greatest common factor of c and v?
5
Le